e
Does 232 divide 448681299?
False
Does 596 divide 798180484?
True
Is 43180800 a multiple of 865?
True
Is 89699984 a multiple of 24?
False
Is 485 a factor of 714388196?
False
Is 4622997 a multiple of 154?
False
Is 198808003 a multiple of 163?
True
Is 6365080 a multiple of 15?
False
Is 1415845676 a multiple of 11?
False
Is 6351 a factor of 532283661?
True
Is 69266138 a multiple of 88?
False
Is 748 a factor of 1007640524?
True
Is 2887 a factor of 33276281?
False
Does 47 divide 43571990?
False
Is 489 a factor of 121721?
False
Is 8 a factor of 232256832?
True
Is 974806 a multiple of 49?
True
Does 45 divide 185531265?
True
Is 81 a factor of 4834791?
False
Does 318 divide 1225291273?
False
Is 79 a factor of 189159523?
False
Is 149312401 a multiple of 7?
True
Is 3016564290 a multiple of 10?
True
Is 2537828892 a multiple of 12?
True
Is 1143 a factor of 4515896267?
False
Does 22 divide 88240333?
False
Is 33784844 a multiple of 382?
True
Does 55 divide 356857985?
True
Does 121 divide 46528044?
False
Does 69 divide 361519432?
False
Does 41 divide 38064009?
False
Does 1103 divide 8258974?
False
Is 2478754785 a multiple of 11?
False
Does 1045 divide 247018145?
True
Does 1893 divide 400768923?
True
Is 14749410 a multiple of 641?
True
Is 148118180 a multiple of 7?
True
Is 114 a factor of 16553712?
True
Is 891 a factor of 24726562?
False
Is 3 a factor of 335393463?
True
Is 17 a factor of 2563967236?
False
Is 6 a factor of 27766276?
False
Is 309173784 a multiple of 1013?
False
Is 1065873 a multiple of 3?
True
Does 529 divide 92310774?
False
Is 112 a factor of 49617783?
False
Is 40 a factor of 245732240?
True
Is 7574 a factor of 1552341842?
False
Does 89 divide 437968702?
False
Does 114 divide 321844458?
True
Is 393 a factor of 1558607236?
False
Is 3096399840 a multiple of 32?
True
Is 4 a factor of 2314453?
False
Is 29 a factor of 151233848?
False
Is 17432726 a multiple of 62?
True
Is 3085425 a multiple of 7?
True
Is 1964928966 a multiple of 741?
True
Is 379869750 a multiple of 40?
False
Is 6 a factor of 651678991?
False
Is 2630 a factor of 2666620295?
False
Is 162 a factor of 1376756128?
False
Is 136 a factor of 4202739456?
True
Does 11 divide 11680984?
False
Does 132 divide 24376879?
False
Is 28975488 a multiple of 384?
True
Does 697 divide 19694981?
False
Is 319 a factor of 102465990?
True
Is 25 a factor of 207039214?
False
Does 29 divide 140852743?
False
Is 1460 a factor of 171600546?
False
Is 539 a factor of 43414294?
True
Does 15 divide 51807210?
True
Does 11 divide 2670029835?
True
Is 108751419 a multiple of 188?
False
Does 10 divide 385541430?
True
Is 1373603576 a multiple of 2645?
False
Does 28 divide 81663176?
True
Is 909195631 a multiple of 6?
False
Does 1874 divide 21535242?
False
Does 244 divide 345085542?
False
Does 67 divide 385904829?
False
Does 388 divide 51175320?
False
Is 336728792 a multiple of 1726?
True
Does 335 divide 71675100?
False
Does 7489 divide 57403185?
True
Is 4429487403 a multiple of 306?
False
Is 2220545712 a multiple of 51?
True
Is 5534977 a multiple of 59?
False
Does 7469 divide 3660235279?
False
Is 45256321 a multiple of 53?
False
Is 280260360 a multiple of 60?
True
Is 22 a factor of 3063389?
False
Is 2 a factor of 59201457?
False
Is 99304544 a multiple of 86?
True
Does 22 divide 176145244?
True
Is 36 a factor of 454565235?
False
Is 72 a factor of 107306259?
False
Is 991919328 a multiple of 177?
True
Is 596 a factor of 333465576?
True
Does 524 divide 89285408?
True
Is 9 a factor of 81479053?
False
Does 1650 divide 822406404?
False
Is 7989844 a multiple of 5?
False
Is 10734510 a multiple of 1516?
False
Is 35 a factor of 63708960?
True
Does 4717 divide 112553436?
False
Does 483 divide 28309085?
False
Is 48 a factor of 207529973?
False
Does 2031 divide 288417066?
False
Is 89 a factor of 97932396?
True
Is 318 a factor of 15036549?
False
Does 5 divide 1593198981?
False
Is 379721682 a multiple of 598?
False
Does 1201 divide 657016210?
False
Is 7 a factor of 579383532?
True
Does 9 divide 544312238?
False
Does 23 divide 77031389?
False
Is 39 a factor of 380812575?
True
Does 9482 divide 749893452?
True
Does 485 divide 4332373080?
True
Does 759 divide 901929448?
False
Is 696 a factor of 3107284?
False
Is 947 a factor of 1778021?
False
Is 14 a factor of 11963266?
True
Does 691 divide 19082656?
True
Does 61 divide 5428207?
True
Is 70474401 a multiple of 344?
False
Is 1762080 a multiple of 60?
True
Is 27524910 a multiple of 50?
False
Does 1113 divide 2037098759?
False
Is 158 a factor of 2581605874?
False
Is 60 a factor of 2713500?
True
Is 4938620484 a multiple of 84?
True
Is 70 a factor of 408621765?
False
Is 282 a factor of 21272670?
True
Is 56425880 a multiple of 70?
True
Is 57 a factor of 38680481?
False
Does 12 divide 256452984?
True
Does 16 divide 7544231?
False
Does 184 divide 565665277?
False
Is 2623 a factor of 1365990202?
True
Is 1498 a factor of 108616984?
True
Is 202896252 a multiple of 39?
True
Is 2541 a factor of 376286526?
True
Is 3958 a factor of 149078070?
True
Does 11 divide 2542469?
False
Is 2254689 a multiple of 27?
True
Does 2237 divide 173812663?
True
Is 30 a factor of 765203769?
False
Does 18 divide 546708001?
False
Does 5 divide 343512945?
True
Is 949 a factor of 18268913?
False
Does 243 divide 140183176?
False
Is 3 a factor of 15622381?
False
Is 566513570 a multiple of 136?
False
Does 5 divide 137989620?
True
Is 76529544 a multiple of 21?
True
Is 33 a factor of 71440650?
False
Is 276 a factor of 21735276?
True
Does 1426 divide 137278121?
False
Is 15 a factor of 176252582?
False
Is 4047944670 a multiple of 105?
True
Does 4 divide 25715765?
False
Does 45 divide 64086543?
False
Does 93 divide 72063840?
True
Is 361 a factor of 6158299?
True
Does 42 divide 4382889309?
False
Does 75 divide 365394375?
True
Does 247 divide 47345093?
False
Is 922066415 a multiple of 215?
True
Does 10 divide 100200590?
True
Is 793 a factor of 4947064346?
False
Does 330 divide 536270790?
True
Is 81 a factor of 987327954?
True
Is 4 a factor of 38218428?
True
Is 11919278 a multiple of 46?
False
Does 2 divide 282147212?
True
Is 558010629 a multiple of 4597?
False
Is 24892224 a multiple of 28?
True
Is 164734161 a multiple of 129?
True
Is 5538 a factor of 169892334?
False
Is 1167415998 a multiple of 14?
True
Is 15 a factor of 132436335?
True
Is 580149240 a multiple of 2364?
True
Is 40 a factor of 34391254?
False
Does 4916 divide 439691956?
True
Does 109 divide 12110009?
True
Does 86 divide 128299982?
False
Is 4861841580 a multiple of 6309?
True
Is 46506036 a multiple of 17?
False
Is 1219461728 a multiple of 32?
True
Is 1234255998 a multiple of 10982?
True
Is 283 a factor of 44247616?
True
Is 7591239334 a multiple of 11?
False
Does 7 divide 36145526?
False
Does 312 divide 40679448?
False
Is 39462905 even?
False
Does 582 divide 80527266?
True
Is 254 a factor of 584774802?
True
Is 675366846 a multiple of 407?
True
Is 12641 a factor of 581346949?
True
Is 101 a factor of 12476784?
False
Does 534 divide 230906488?
False
Is 1248962072 a multiple of 1113?
False
Does 25 divide 45577400?
True
Is 23 a factor of 2330225592?
False
Is 15201704 a multiple of 344?
True
Is 177205303 a multiple of 4538?
False
Does 22 divide 245401310?
True
Is 23 a factor of 290672392?
False
Does 19 divide 661578081?
True
Does 125 divide 23609043?
False
Is 6119 a factor of 130163368?
True
Is 50 a factor of 208009440?
False
Is 969748885 a multiple of 7?
True
Is 6616627 a multiple of 109?
True
Is 183116393 a multiple of 81?
False
Does 36 divide 34107656?
False
Is 3 a factor of 326054897?
False
Is 14 a factor of 336240651?
False
Is 1407980970 a multiple of 4665?
True
Is 15217380 a multiple of 10?
True
Does 608 divide 46208608?
True
Is 3185 a factor of 157911172?
False
Is 208867164 a multiple of 3828?
True
Is 25 a factor of 144226751?
False
Is 220232832 a multiple of 10?
False
Is 213 a factor of 572706771?
False
Is 566 a factor of 6145880?
False
Does 246 divide 336695195?
False
Is 94537149 a multiple of 1380?
False
Does 27 divide 92689863?
False
Is 161 a factor of 216647074?
True
Is 21 a factor of 15010023?
True
Is 75 a factor of 42247725?
True
Is 2237 a factor of 453444374?
True
Does 296 divide 47847979?
False
Is 153 a factor of 1063058876?
False
Is 14 a factor of 15179290?
True
D